True
Is 49175039 a prime number?
False
Is 187782169 composite?
False
Is 6953237 composite?
True
Is 2368211 a prime number?
True
Is 186773417 prime?
True
Is 59493509 prime?
True
Is 6586429 composite?
True
Is 601937 composite?
True
Is 74371669 a prime number?
True
Is 10788649 composite?
False
Is 64556977 prime?
True
Is 26145055 prime?
False
Is 66161 prime?
True
Is 1307051 a composite number?
False
Is 55659749 a composite number?
False
Is 78977 a prime number?
True
Is 99009527 a composite number?
True
Is 2664647 a composite number?
False
Is 13605377 a prime number?
False
Is 12373837 a prime number?
False
Is 9371869 prime?
False
Is 9740833 a prime number?
False
Is 98846983 a composite number?
True
Is 15491591 a composite number?
False
Is 2029679 a composite number?
False
Is 7114519 a prime number?
False
Is 298354361 prime?
True
Is 2044621 composite?
False
Is 11060429 a composite number?
True
Is 2635847 a prime number?
False
Is 17297341 a prime number?
True
Is 2385655 a prime number?
False
Is 13211209 a prime number?
False
Is 73447919 composite?
False
Is 9631747 a prime number?
True
Is 8451353 prime?
True
Is 27077623 prime?
True
Is 41278723 composite?
True
Is 14897989 a composite number?
True
Is 121940782 a prime number?
False
Is 190742317 prime?
True
Is 222596119 a composite number?
False
Is 114109957 a prime number?
False
Is 2816339 prime?
False
Is 4124951 a prime number?
True
Is 1907107 composite?
False
Is 301329797 a prime number?
False
Is 57935 prime?
False
Is 105690569 prime?
True
Is 75949 a prime number?
False
Is 345938 a prime number?
False
Is 27176579 composite?
True
Is 95466599 composite?
False
Is 61871231 a prime number?
False
Is 18121157 prime?
False
Is 116113537 a composite number?
False
Is 3138847 composite?
False
Is 18990533 a composite number?
True
Is 13802977 composite?
False
Is 1702109 a prime number?
True
Is 10229339 composite?
False
Is 410599781 a composite number?
False
Is 6131473 a prime number?
True
Is 5112187 a composite number?
True
Is 59528065 a prime number?
False
Is 6382283 composite?
False
Is 308236367 composite?
True
Is 207633619 composite?
True
Is 9989377 a prime number?
True
Is 38389397 a prime number?
True
Is 988423 a composite number?
True
Is 138765587 composite?
False
Is 883849 composite?
True
Is 33332063 composite?
True
Is 141616991 composite?
False
Is 5229349 a composite number?
True
Is 380080531 a composite number?
True
Is 13496387 a prime number?
True
Is 23883383 a prime number?
False
Is 8871449 composite?
False
Is 18110633 a composite number?
False
Is 151668835 prime?
False
Is 15408457 a composite number?
True
Is 1658255 prime?
False
Is 2134177 a prime number?
False
Is 16112651 composite?
True
Is 189412031 a composite number?
True
Is 12459277 a composite number?
True
Is 144808189 composite?
False
Is 29540939 a prime number?
True
Is 2032501 prime?
False
Is 114669337 a composite number?
True
Is 36457039 a prime number?
False
Is 32330527 a composite number?
False
Is 1045651973 a prime number?
True
Is 211546171 composite?
True
Is 168714305 a composite number?
True
Is 4327 a composite number?
False
Is 399274 prime?
False
Is 8479607 a composite number?
True
Is 55763 a prime number?
True
Is 7948147 a composite number?
False
Is 2768401 composite?
False
Is 320759 composite?
False
Is 2020019 prime?
True
Is 273636317 a prime number?
True
Is 617585413 prime?
False
Is 78759767 prime?
True
Is 48204967 prime?
True
Is 6834263 a composite number?
False
Is 3685079 a prime number?
False
Is 17391767 composite?
False
Is 1287731 a composite number?
False
Is 251895233 composite?
False
Is 1113856159 composite?
True
Is 63244399 prime?
False
Is 4656682 composite?
True
Is 329059 a composite number?
False
Is 81808417 prime?
False
Is 139423399 prime?
False
Is 1988059 composite?
True
Is 6773271 a composite number?
True
Is 5290313 composite?
True
Is 15825731 composite?
False
Is 322033 prime?
False
Is 609949849 prime?
False
Is 5435429 a prime number?
False
Is 7064291 prime?
False
Is 6768991 a composite number?
False
Is 29893529 composite?
True
Is 293785087 prime?
False
Is 59214007 a composite number?
False
Is 1440203 a composite number?
False
Is 49943398 a prime number?
False
Is 8152519 composite?
False
Is 133775731 prime?
True
Is 3747713 a prime number?
True
Is 1596638 a composite number?
True
Is 6033299 a composite number?
False
Is 23105977 a prime number?
False
Is 6821651 a prime number?
False
Is 2192191 a composite number?
True
Is 5843029 a prime number?
False
Is 1395977753 a prime number?
True
Is 18943783 a composite number?
False
Is 398673493 composite?
True
Is 10028341 composite?
False
Is 1648349 a composite number?
False
Is 225341 composite?
False
Is 19957855 prime?
False
Is 871513 a prime number?
True
Is 4596047 prime?
True
Is 409865 composite?
True
Is 62653237 a prime number?
True
Is 372357049 prime?
True
Is 6280753 composite?
True
Is 18417271 a composite number?
False
Is 453683761 a composite number?
False
Is 262160643 a prime number?
False
Is 1883293 a composite number?
False
Is 746182 composite?
True
Is 843630071 a composite number?
False
Is 97392137 a composite number?
False
Is 3309931 a prime number?
False
Is 1029949 prime?
False
Is 12923777 a composite number?
False
Is 1253513 a prime number?
True
Is 36426329 prime?
True
Is 5300381 a composite number?
False
Is 5279509 prime?
True
Is 17117647 composite?
False
Is 3322339 composite?
True
Is 12857497 composite?
True
Is 84448661 composite?
True
Is 129379127 composite?
True
Is 3675563 a composite number?
False
Is 284169 composite?
True
Is 1606195 a composite number?
True
Is 3910793 composite?
True
Is 8697233 prime?
True
Is 120605449 a prime number?
True
Is 125669737 composite?
False
Is 64118801 a composite number?
False
Is 9679703 composite?
True
Is 1308649 a composite number?
False
Is 340777 prime?
True
Is 29846489 a prime number?
False
Is 53333867 prime?
True
Is 55527539 composite?
True
Is 2568619 a prime number?
True
Is 1251505 composite?
True
Is 7658641 a composite number?
False
Is 85561753 prime?
True
Is 101994031 a prime number?
True
Is 36809 prime?
True
Is 165183863 composite?
True
Is 6845767 prime?
True
Is 116558317 composite?
True
Is 8834873 a prime number?
True
Is 50438059 composite?
True
Is 1682789 a composite number?
True
Is 191442739 composite?
False
Is 174238739 prime?
True
Is 17478655 composite?
True
Is 1569781 a composite number?
False
Is 17587547 composite?
False
Is 6825629 composite?
False
Is 313541647 composite?
True
Is 27089067 composite?
True
Is 1638411239 a prime number?
False
Is 201607493 a prime number?
True
Is 68118901 composite?
True
Is 63021107 a prime number?
True
Is 6241097 prime?
True
Is 18613009 a prime number?
True
Is 475496951 composite?
True
Is 264933203 a composite number?
True
Is 229360561 a prime number?
True
Is 39641551 composite?
True
Is 91159529 a prime number?
False
Is 1966249 prime?
False
Is 87066305 prime?
False
Is 387253 prime?
True
Is 3894793 composite?
True
Is 55465906 prime?
False
Is 7907881 a prime number?
True
Is 291923 prime?
True
Is 46257587 a composite number?
False
Is 184780097 a composite number?
True
Is 80345117 prime?
False
Is 76929577 a composite number?
False
Is 3739381 prime?
True
Is 14960903 composite?
False
Is 1325617 composite?
False
Is 37012751 composite?
True
Is 41308889 a prime number?
False
Is 89475907 prime?
True
Is 1244333 composite?
False
Is 35795929 a composite number?
True
Is 63141817 prime?
True
Is 118831 a composite number?
False
Is 4310287 prime?
False
Is 1802597 a prime number?
True
Is 10256969 composite?
True
Is 512059 a composite number?
False
Is 20139187 a prime number?
False
Is 9873343 a prime number?
False
Is 3850907 composite?
True
Is 6616459 a composite number?
True
Is 4024879 a prime number?
True
Is 4038109 prime?
False
Is 99879011 a prime number?
True
Is 3014213 a composite number?
True
Is 2259659 a prime number?
False
Is 8426863 a composite number?
False
Is 164118281 a composite number?
False
Is 2460283 a prime number?
False
Is 393698749 prime?
True
Is 6792727 composite?
False
Is 1469191 composite?
True
Is 474290539 a composite number?
False
Is 475126 prime?
False
Is 49683437 a prime number?
True
Is 26354087 a prime number?
False
Is 1322813 a prime number?
True
Is 3531149 a prime number?
Fals